 + i**5/10 - i**4/12 + 5*i**3/6 - 9*i**2. Calculate r(6).
-7
Let q(n) be the first derivative of -3 - 7/2*n**2 - 3/2*n**4 + 4/3*n**3 - 10*n. Let u(j) = 5*j**3 - 4*j**2 + 6*j + 9. Let b(c) = 6*q(c) + 7*u(c). Give b(-3).
-6
Let i(h) be the first derivative of h**2/2 + 3*h - 12. Let s(u) = u + 4. Let d be s(-7). Calculate i(d).
0
Let y(k) = -2*k. Let g(n) = -7*n + 16. Let s be g(2). Give y(s).
-4
Suppose -4*x + 22 = 4*g - 2*x, -4*g + 3*x = -7. Let c(w) = -w**3 + 3*w**2 + 6*w - 6. Give c(g).
2
Let x be -30*(0 + 6/15). Let f be (x/(-10))/((-27)/(-90)). Let b(w) = -w**3 + 5*w**2 - 5*w - 3. What is b(f)?
-7
Let m(u) = -u**2 + 9*u + 5. Let q be 122/14 + 1*(-8)/(-28). Give m(q).
5
Let x(o) = o - 4. Suppose 6*f = 5*f + 5. Calculate x(f).
1
Suppose 4*g + 4 = k + 3*k, 7 = -3*k + 5*g. Let t(a) = -a**2 + 5*a + 7. Determine t(k).
1
Let d = 12 - 6. Let c(f) = 7*f**2 + f. Let u(h) = -h**2. Let o(r) = d*u(r) + c(r). Determine o(-1).
0
Suppose 20 = -5*i, -2*m = -m - 3*i - 17. Suppose m*x = 1 - 6. Let o(q) = 4*q. Give o(x).
-4
Let q(r) = -3*r**2 - 11*r + 23. Let w(l) = l**2 + 4*l - 8. Let x(h) = -4*q(h) - 11*w(h). Let k be x(-3). Let v(b) = 14 + 1 - b - 5. What is v(k)?
5
Let w(k) = -k - 3. Suppose -5*p = -4*b + 25, -5*p - 3*b = -10*p - 25. Determine w(p).
2
Let q(g) = -g**3 + 5*g**2 - g - 3. Let f(a) = 111*a**3 + 8 + a - 108*a**3 - 15*a**2 + 4*a - a. Let p(r) = 2*f(r) + 7*q(r). Determine p(5).
0
Let x be 9/(-3)*4/4. Let p(h) = -h**3 - 4*h**2 - 4*h - 1. Let s(i) = -5*i**3 - 20*i**2 - 21*i - 6. Let w(t) = 11*p(t) - 2*s(t). Determine w(x).
-2
Let v(l) = -3 + 4 - 2*l - 2 - 5*l**2 + 4*l**2. Let j be v(-1). Let u(n) = n + 3. Let s(h) = -h - 2. Let w(x) = 2*s(x) + 3*u(x). Give w(j).
5
Let k be 1 - 1 - (0 + 1). Let q(m) = -m**2 - 15*m - 15. Let s(w) = -7*w - 7. Let r(p) = 6*q(p) - 13*s(p). Calculate r(k).
-6
Let c(k) = k + 5. Suppose v = 4*v - 3*d, -3*v - 20 = d. Determine c(v).
0
Let j(o) = -3*o + 2. Let i be j(-1). Let v(z) = -z. Calculate v(i).
-5
Suppose -23 = 5*q - r, q + 10 = -r + 3*r. Let t(i) = 2*i + 1. Give t(q).
-7
Let t(y) = -y**3 + 2*y**2 + 11*y + 6. Let d(v) = v**3 - 3*v**2 - 10*v - 7. Let l(z) = 4*d(z) + 3*t(z). Calculate l(7).
-10
Let d(f) = -f**2 - f. Let q(b) = -8*b + 0*b**3 + 5*b - 6 + 6*b + 3*b**2 - b**3. Let w(c) = -3*d(c) - q(c). Give w(0).
6
Suppose -q + 2 - 4 = 0. Let k(x) = 20*x**2 + 9*x - 23. Let m(j) = 7*j**2 + 3*j - 8. Let g(a) = -6*k(a) + 17*m(a). Calculate g(q).
4
Let f(i) = 2*i**3 - 11*i**2 - 13*i + 15. Let z(v) = -v**3 + 5*v**2 + 6*v - 7. Let h(s) = -6*f(s) - 13*z(s). Determine h(-2).
-3
Let s(p) = p**3 - 1. Let l be ((-9)/(-4))/((-9)/(-24)). Let w(i) = i - 4. Let j be w(l). Determine s(j).
7
Let c = 22 - 13. Suppose 3*p - 7*q + 2*q = c, 0 = -4*p + 3*q + 12. Let j(z) = -3*z + p + 0 + 4*z. What is j(0)?
3
Let z(u) be the first derivative of -1/3*u**3 + 3*u - 1 + 1/2*u**2. Let i be (-1)/1*9/(-3). What is z(i)?
-3
Suppose -8 = 2*v - 3*o, -4*v = v - 5*o + 10. Let r(u) = -3 - 2 + 2*u + 3*u**2 - 2*u**v. Calculate r(-4).
3
Let j = -3 + 4. Let o(c) = 5*c**3 + c**2 - 1. Let s = 51 + -47. Let v(r) = -r**3 + r**2 + 1. Let p(w) = j*o(w) + s*v(w). Determine p(-5).
3
Let w(c) = 2*c**3 - 4*c**2 - 2*c + 2. Let o(x) = x**3 + 7*x**2 + 8*x + 15. Let p be o(-6). Determine w(p).
14
Let c(d) = -d + 1. Let r be c(-4). Let z(t) = 3*t**3 - 5*t**2 - 6*t - 16. Let q(y) = -y**3 + 2*y**2 + 2*y + 5. Let g(f) = -7*q(f) - 2*z(f). Determine g(r).
12
Let b(x) = -7*x**2 + 4*x - 5. Let q(y) = -y + 1. Let a(g) = b(g) + 4*q(g). Give a(-1).
-8
Let m(w) be the first derivative of 3/2*w**2 - 3*w - 4 + 2/3*w**3. What is m(-3)?
6
Suppose 6 + 12 = 6*f. Suppose 3 = -4*q + 4*d - 1, 16 = 4*q + d. Let t(s) = -4 - q*s + 1 + 6. Determine t(f).
-6
Suppose -s = -1 - 4. Let c be 3/s + 12/5. Let z(f) = -2*f + f - c + 6. What is z(3)?
0
Let z = 76 + -79. Let h(b) = -b + 2. Give h(z).
5
Let b(x) = -x**2 - 8*x - 8. Suppose 32 = -4*t + 4*s, 4*t + 3*s + 14 = -4. Give b(t).
4
Let r(g) = 4*g**2 - 2*g + 1. Let t be r(1). Let q be (1/(-2))/((-5)/10). Let w(f) = f + 5 - 2*f - q. Calculate w(t).
1
Let u(d) = -d**3 + 4*d**2 + 5*d. Let i be ((-2 + -18)/(-2))/2. What is u(i)?
0
Let q(o) = o**3 - 3*o**2 - 2*o - 1. Let h(u) = -u**3 + 15*u**2 + 2. Let w be h(15). Give q(w).
-9
Let l be (28/(-8) - -3)*-8. Let w(g) = g**2 - 7*g + 8. Let y(i) = i**2 - 8*i + 9. Let o(z) = 3*w(z) - 2*y(z). Calculate o(l).
2
Let q(z) = 3*z - 6. Suppose 7 = -p - 3*y + 1, -4*p + 3*y = -36. Determine q(p).
12
Let w(y) = -2*y**2 + 3*y. Suppose -6*l = -3*l - 6. Determine w(l).
-2
Let j(r) = r**3 - r**2 - r - 2. Let t = 11 + -7. Suppose 0 = s - 3*s. Suppose t*f - 5*f = s. Give j(f).
-2
Let q(o) = -2*o**2 + 2*o - 1. Suppose -4*h - 2*f - 10 = 20, -h - 5*f - 3 = 0. Let s(j) = -j**2 - 9*j - 5. Let v be s(h). Determine q(v).
-13
Let g(w) be the third derivative of w**4/24 - 2*w**3/3 + 4*w**2. What is g(8)?
4
Let a(z) be the first derivative of -3/2*z**2 + 3*z + 1/2*z**3 - 1/12*z**4 - 3. Let l(r) be the first derivative of a(r). Determine l(2).
-1
Let k = -20 + 30. Let a = 6 - k. Let x(r) = r**2 - 6*r + 1. Let d(c) = -2*c**2 + 7*c - 1. Let s(i) = -2*d(i) - 3*x(i). Determine s(a).
-1
Let y be (-552)/161 + 3/7. Let d(v) = v**2 + 8*v + 3. Calculate d(y).
-12
Let h(c) = 7*c - 1. Let b(i) = -15*i + 2. Let p(g) = 6*b(g) + 13*h(g). Let n be p(3). Let f(v) = 2*v + 4*v - 2*v**2 - 3*v. What is f(n)?
-2
Let y(i) be the third derivative of 2*i**5/15 + 7*i**4/24 - i**3/6 + 2*i**2. Let f(u) = 7*u**2 + 6*u - 1. Let d(g) = 6*f(g) - 5*y(g). Calculate d(-2).
5
Let w(v) be the third derivative of -v**6/120 - v**5/12 - v**4/24 + 5*v**3/6 + 51*v**2. Let b be (1/2)/(1/(-10)). Calculate w(b).
10
Let b(n) be the third derivative of -n**4/8 + n**3/2 - 2*n**2. Let m = 39 + -60. Let l be (-16)/(-7) + 6/m. Determine b(l).
-3
Suppose 3*x = 2*u - 0*u - 7, 4*u - 12 = 4*x. Let h(b) = -b - 3. Let c(r) be the first derivative of r - 1. Let a(o) = 5*c(o) + h(o). Calculate a(u).
0
Let w(o) = -10 + o**3 - 3*o - 8*o**2 - 5*o - 2*o**3 + 7. Let p be w(-7). Suppose p*z = -a - 7 - 1, a = 2*z + 10. Let j(u) = u + 2. What is j(z)?
-1
Let q(n) = -2*n - 1. Suppose -3*u + 2 = -2*u. Suppose 6 - u = 4*v. Give q(v).
-3
Let a be (-18)/4 - (-7)/14. Let k(h) = h**3 + 5*h**2 + 5*h + 4. Let v be k(a). Let y(r) = -r. Calculate y(v).
0
Let o(h) = -3*h**2 - 15*h + 6 + 7*h + 4*h**2. Determine o(6).
-6
Let r(y) = y**2 - 3*y + 6. Let q(m) = 3*m**2 - 7*m + 13. Let i(u) = -2*q(u) + 5*r(u). Let l = 6 - 9. Give i(l).
-2
Suppose -g + 2*w + 2 = -4, -4 = -g + w. Let u(d) be the third derivative of 3*d**g + 1/12*d**4 + 0*d + 1/6*d**3 + 0. Determine u(3).
7
Let r(a) be the first derivative of a**3/3 + 5*a**2/2 + 6*a - 4. Determine r(-4).
2
Let p(r) = 3*r - 1 - 2*r - 2*r. Let v(o) = -7*o + 1. Let h(z) = z - 1. Let j(k) = -2*h(k) - v(k). Let f be j(-1). What is p(f)?
3
Let a(q) = -10*q + 2*q - 5 + 7*q + 2. Let p = -1 - 0. Let d be 57/(-9) - p/3. What is a(d)?
3
Let o(d) = -d**3 + d**2 + d + 1. Let b(r) = 3*r**3 + 2*r**2 - 4*r + 2. Let z(q) = -b(q) - 2*o(q). Determine z(-4).
-12
Suppose 9 = 4*b + 37. Let l(a) = a + 1. Calculate l(b).
-6
Let b(d) = d**3 + 7*d**2 - d + 3. Let i(p) = p**3 + p**2 + p. Let c(j) = -b(j) + 2*i(j). Calculate c(3).
-12
Let j(y) = -2*y - 6 + 8 - 10*y**2 + 11*y**2 - y. Give j(2).
0
Let y = -29 - -12. Let q = y + 9. Let w be (2 - -1)*q/24. Let p(i) = -2*i**2 + i. What is p(w)?
-3
Let b(x) = x - 3. Suppose 6 - 21 = -2*h - s, 2*s - 22 = -3*h. Let i = h + -8. Determine b(i).
-3
Let f(c) be the second derivative of c**4/6 + 5*c**3/6 + c**2 + 19*c. What is f(-3)?
5
Let h be (2 + -6)/(1/2). Suppose v + 5*n - 31 = 2*v, v + 3*n = 9. Let l = h - v. Let p(a) = a**3 + 2*a**2 - 2*a - 1. What is p(l)?
3
Let p(o) = -o**2 + 2*o + 5. Let s(k) = -k - 2. Let h(x) = -3*p(x) - 8*s(x). Determine h(-1).
2
Let m(n) = n**2 + 7*n + 5 + 4*n - 11. Let i be m(-11). Let p(l) = -l**3 - 5*l**2 + 7*l - 3. Calculate p(i).
-9
Let u(c) be the first derivative of c**4/4 + 5*c**3/3 - 3*c**2/2 - 7*c - 7. Give u(-5).
8
Let m(w) = 2*w - 3. Suppose 12*u - 15 = 9*u. Determine m(u).
7
Suppose -11*f + 25 = -6*f. Suppose -4*l + 3*l + 14 = 3*y, 5*y - 10 = f*l. Let u be 1 + 4*(l - 3). Let m(c) = c**2 + 2*c. What is m(u)?
3
Let m(s) = 2*s + 9. Let a be m(-5). Let p(t) = -13*t**3 - 2*t**2 + 1. What is p(a)?
12
Let v(u) = 2*u + 1. Let c 